0. Let c(a) = 9*a**2 + 2*a. Calculate the remainder when c(-2) is divided by o.
10
Let k = -21 + 132. What is the remainder when k is divided by 19?
16
Let y = 17 + 14. What is the remainder when y is divided by 11?
9
Let y(n) = 2*n**2 + n - 16. Let i(m) = 3*m - 5. What is the remainder when y(-7) is divided by i(8)?
18
Suppose 0 = 6*j - 11*j + 20. Let g(t) = -t + 5. Calculate the remainder when 1 is divided by g(j).
0
Let b(h) = -h**2 - h + 65. Suppose -f + 2*t - t = -14, -5 = -f + 4*t. What is the remainder when b(0) is divided by f?
14
Suppose 0 = 4*h + 3*d - 82, -2*h + 3*d + 32 = -0*d. Suppose -5*m - 64 = -4*g, 0 = 2*g + 3*g - m - 59. What is the remainder when h is divided by g?
8
Suppose -6*q + 145 = -q. What is the remainder when q is divided by 16?
13
Let r be ((-1)/4)/(11/(-572)). Let i(o) = -o**2 + 20*o + 8. Calculate the remainder when i(r) is divided by 34.
31
Suppose -5*y + 17 = -98. Let b(g) be the first derivative of g**3/3 - g**2 - 2*g + 5. What is the remainder when y is divided by b(5)?
10
Suppose 0 = -5*s + 5*z + 45, 2*z + 15 = -5*s + 81. Let t(h) = -h**3 - 4*h**2 - 7*h - 5. What is the remainder when t(-4) is divided by s?
11
Let u = 112 + -48. What is the remainder when u is divided by 33?
31
Suppose -q + 3 + 6 = 0. Calculate the remainder when q is divided by 5.
4
Suppose 2*r = -5*p + 3*r - 30, 3*r = -4*p - 5. Let y(m) = -10*m + 5. Suppose 0 = 3*q - 8*q + 95. What is the remainder when y(p) is divided by q?
17
Let i = -46 + 58. What is the remainder when i is divided by 10?
2
Suppose 0 = 4*g + u + 2*u - 12, 0 = -2*g + u - 4. Suppose 0 = 3*s + 3 - g. Let q(w) = 5*w**2 - 2*w - 1. Calculate the remainder when 17 is divided by q(s).
5
Suppose 37 = -4*z + 173. Calculate the remainder when z is divided by 9.
7
Suppose 4*o - 34 = 3*o - 5*c, -4*o = c - 41. Calculate the remainder when 33 is divided by o.
6
Let c(k) = -k + 62. Calculate the remainder when c(26) is divided by 13.
10
Calculate the remainder when 22 is divided by 15 - 5 - (-8)/(-2).
4
Let h(t) = -2*t**3 - 2*t**2 - t. Let a = -1 + -1. Calculate the remainder when h(a) is divided by (20/35)/(4/28).
2
Calculate the remainder when 50 is divided by (-3)/18*26*-3.
11
Let a(u) = -u**3 + u**2 + u. Let p(q) = -q**3 + 2*q**2 + q. Let y(i) = -3*a(i) + 2*p(i). What is the remainder when 2 is divided by y(1)?
0
Suppose -2*t - 40 = -0*t. Let o = 30 + t. Calculate the remainder when 28 is divided by o.
8
Suppose -4*a + 35 = 2*q - a, 0 = -3*q + 5*a + 43. Suppose -49*g = -54*g + 45. Calculate the remainder when q is divided by g.
7
Suppose 3*d - 24 = -0*d. Suppose -2*s - 3*h = -0*s - 26, 0 = -s + h + d. What is the remainder when s is divided by (-60)/(-9) + (-2)/3?
4
What is the remainder when 29 is divided by (-6 - -1)/((-3)/6)?
9
Let i(v) = -v**3 - 3*v**2 - 2*v - 4. Let l be i(-3). Suppose -3*j + 25 = -l. Calculate the remainder when 33 is divided by j.
6
Let m = 19 + -8. Let t = -5 + m. What is the remainder when 10 is divided by (t - -2)*2/4?
2
Let w(b) = b**2 - b + 2. Suppose 3*v + v = 8. Suppose 3*q = v*q. What is the remainder when w(q) is divided by 1?
0
Calculate the remainder when 104 is divided by (116/28 - 1)/((-5)/(-35)).
16
Let p(g) = -g**3 - g**2 - g. Let k(v) = -5*v**3 + 9*v**2 - 12*v + 6. Let m(z) = -k(z) + 4*p(z). What is the remainder when m(13) is divided by 33?
32
Let c(f) = -f**3 + f**2 - 2*f - 1. Let i be (6 - 5) + (-1 - 1). What is the remainder when 41 + 1*(-2)/i is divided by c(-2)?
13
Suppose 0 = 3*r - 5*r + 6. Let i be ((r + -3)/(-3))/1. Suppose -3*b + 3 + 69 = i. Calculate the remainder when 47 is divided by b.
23
Let j = 8 - 6. Let v = 0 - j. Let u(z) = z**2 - z - 2. What is the remainder when u(v) is divided by 3?
1
Let q = -3 + 1. Suppose -21 + 0 = -3*j. What is the remainder when (0 - 27)/(-3 - q) is divided by j?
6
Suppose -4*q = -0*m - 2*m + 128, 4*m - 3*q = 241. Suppose 2*b - b - m = 0. What is the remainder when b is divided by 20 + (3 - (2 - -1))?
18
Let w(a) = -a**2 + 5*a + 6. Let u be w(6). Suppose -5*t + 280 = -t. Suppose -4*i - i + t = u. Calculate the remainder when i is divided by 5.
4
Suppose -2*b - 13 = 75. Let t = b + 124. What is the remainder when t is divided by 27?
26
Suppose 0*k + 60 = 4*q + k, -2*q + 24 = 2*k. Suppose -3*h + 2*x = -39, -4*x + q = 4. What is the remainder when (29/(-4))/(1/(-4)) is divided by h?
14
Let z(x) = -x**2 - 2*x - 8. Let i be z(-6). Let a(o) = o**3 + 9*o**2 + 4*o - 8. Let c be a(-6). Let q = c + i. What is the remainder when q is divided by 15?
14
Calculate the remainder when (-1 + 0)/(5/(-325)) is divided by 17.
14
Let q be (7 - 3) + -3 - -2. Suppose -50 = q*w - 8*w. What is the remainder when 18 is divided by w?
8
Let f be 21/(-2)*(-10)/15. Let z = 12 - f. Calculate the remainder when 14 is divided by z.
4
Let q(c) = c**2 + 7*c - 10. Let g be q(-9). Let d = 3 + g. Calculate the remainder when 0/(-1) - (-30)/1 is divided by d.
8
Suppose -j - 3*r = -65, -2*r + 276 = 4*j - 6*r. Suppose a = -a + j. Calculate the remainder when a is divided by (-2)/(-4) + 46/4.
10
Let f = -49 - -74. Calculate the remainder when f is divided by 7.
4
Let h be (-41)/(-4) - 1/4. Suppose -3*z - 10 = -5*b, -z - h = -0*b - 5*b. What is the remainder when 20 is divided by (-36)/(-5) - b/10?
6
Let o = 7 + -12. Let y be (2/o)/((-6)/15). Suppose 0*m = -m + y. What is the remainder when 1 is divided by m?
0
Let v be (-1200)/(-18) + (-2)/(-6). Suppose -4*c + v = 19. What is the remainder when 22 is divided by c?
10
Suppose -27 + 5 = -o + 5*s, 22 = o - 3*s. Calculate the remainder when 39 is divided by o.
17
Suppose -2 = c, 3*c + 19 = z + 5. Calculate the remainder when 39 is divided by z.
7
Let r = 2 - -3. Suppose 5*t + 95 = r*f, -3*t - 5 = 4. What is the remainder when 30 is divided by f?
14
Suppose 7 = -2*p + 19. What is the remainder when 21 is divided by p?
3
Let b(x) = -x**3 - 5*x**2 - 7*x - 7. What is the remainder when b(-5) is divided by 15?
13
Suppose -5*l = -4*w + 1 - 249, -l = -2*w - 46. Let n = -20 + 38. Calculate the remainder when l is divided by n.
16
Suppose 35 = 3*y + 2. Suppose 3*u - 166 = -u + f, 2 = f. Let v = u - 10. What is the remainder when v is divided by y?
10
Suppose 0 = -14*h + 10*h + 16. What is the remainder when 41 is divided by h?
1
Suppose -18*a = -14*a - 124. What is the remainder when a is divided by 8?
7
Suppose y - 11 = -2*f - 0*f, -2*y = 3*f - 25. Suppose -3*i - i + 2 = 2*r, 5*r - 29 = -4*i. Calculate the remainder when y is divided by r.
8
Let m(a) = -a**2 + 8*a - 5. Suppose -3 + 1 = -x. Suppose -5 = -5*d + 3*f, 0 = 2*d - 5*f + 3*f + x. What is the remainder when m(6) is divided by d?
3
Let i(v) = -19 + 15 + v + 2*v. Calculate the remainder when 66 is divided by i(9).
20
Calculate the remainder when 118 is divided by 2/(-3*3/(-108)*2).
10
Suppose 0*g - 136 = -4*g - 3*o, -136 = -4*g + 3*o. What is the remainder when g is divided by 9?
7
Suppose -5*q - 464 = -2*s + 301, 5*q - 1110 = -3*s. Calculate the remainder when s/7 + (-12)/21 is divided by 28.
25
What is the remainder when -8*(-355)/(-20)*-1 is divided by 48?
46
Let w(x) = -2*x**3 - 5*x**2 - 8*x - 7. What is the remainder when 205 is divided by w(-3)?
23
Suppose 4*r = -5*f - 1 - 1, -3*r + 5*f + 16 = 0. Suppose 2*t = -k + 7, 63 = r*k + 3*k - 4*t. What is the remainder when k is divided by 6?
5
Suppose 42 = -4*l + 6*l. What is the remainder when l is divided by 5?
1
Let s = 16 - 6. Let b(q) = -q**2 + 11*q + 2. Calculate the remainder when b(s) is divided by 7.
5
Let j(p) = -1 + 3*p - 3 + 3*p - 4*p. What is the remainder when 10 is divided by j(5)?
4
Let h(k) = -k**2 + 0*k + 7*k - 6 - 2 + 5. Calculate the remainder when 24 is divided by h(3).
6
Let l(i) = i**2 + 2*i + 4. Calculate the remainder when l(11) is divided by 25.
22
Let w(u) = u + 1. Let z(k) = -2*k + 2. Let h(l) = l - 2. Let s be h(6). Let n(r) = s*w(r) + z(r). Calculate the remainder when 47 is divided by n(5).
15
Let c(w) = -w - 1. Let d(u) = -u**2 + 5*u + 5. Let g be d(5). Let b be c(g). Let f = b + 19. Calculate the remainder when 37 is divided by f.
11
Let j = -1 - -1. Suppose -2*t + 14 = -j*t. Let c = -3 + 6. What is the remainder when t is divided by c?
1
Suppose 5*x = x - 4*z + 120, z = 3*x - 98. Let y = -66 - -36. Let o = y - -47. Calculate the remainder when x is divided by